{"id":2608,"date":"2014-02-26T11:54:12","date_gmt":"2014-02-26T11:54:12","guid":{"rendered":"https:\/\/coro.meridianos.org\/?page_id=2608"},"modified":"2020-05-27T15:04:48","modified_gmt":"2020-05-27T14:04:48","slug":"como-apuntarse-2","status":"publish","type":"page","link":"https:\/\/coro.meridianos.org\/index.php\/como-apuntarse-2\/","title":{"rendered":"\u00bfC\u00f3mo apuntarse al Coro Meridianos?"},"content":{"rendered":"<div class=\"vc_row wpb_row vc_row-fluid vc_custom_1587713027029\"><div class=\"wpb_column vc_column_container vc_col-sm-12\"><div class=\"vc_column-inner\"><div class=\"wpb_wrapper\"><div class=\"ult-spacer spacer-69ee16d87c381\" data-id=\"69ee16d87c381\" data-height=\"0\" data-height-mobile=\"100\" data-height-tab=\"0\" data-height-tab-portrait=\"100\" data-height-mobile-landscape=\"100\" style=\"clear:both;display:block;\"><\/div>\n\t\t\t<!-- START \u00bfC\u00f3mo apuntarse al Coro Meridianos? REVOLUTION SLIDER 6.1.5 --><p class=\"rs-p-wp-fix\"><\/p>\n\t\t\t<rs-module-wrap id=\"rev_slider_6_1_wrapper\" data-source=\"gallery\" style=\"background:transparent;padding:0;margin:0px auto;margin-top:0;margin-bottom:0;\">\n\t\t\t\t<rs-module id=\"rev_slider_6_1\" style=\"display:none;\" data-version=\"6.1.5\">\n\t\t\t\t\t<rs-slides>\n\t\t\t\t\t\t<rs-slide data-key=\"rs-7\" data-title=\"Slide\" data-anim=\"ei:d;eo:d;s:1000;r:0;t:fade;sl:0;\">\n\t\t\t\t\t\t\t<img src=\"\/\/coro.meridianos.org\/wp-content\/uploads\/2020\/04\/negro2.jpg\" title=\"negro2\" width=\"1920\" height=\"1080\" class=\"rev-slidebg\" data-no-retina>\n\t\t\t\t\t\t\t<rs-bgvideo \n\t\t\t\t\t\t\t\tdata-video=\"w:100%;h:100%;nse:false;l:true;ptimer:true;\"\n\t\t\t\t\t\t\t\tdata-mp4=\"\/\/coro.meridianos.org\/wp-content\/uploads\/2020\/04\/classical-music-8VP2JVV.mp4\"\n\t\t\t\t\t\t\t><\/rs-bgvideo>\n<!--\n\t\t\t\t\t\t\t--><rs-layer\n\t\t\t\t\t\t\t\tid=\"slider-6-slide-7-layer-0\" \n\t\t\t\t\t\t\t\tdata-type=\"text\"\n\t\t\t\t\t\t\t\tdata-color=\"#ffffff\"\n\t\t\t\t\t\t\t\tdata-rsp_ch=\"on\"\n\t\t\t\t\t\t\t\tdata-xy=\"x:c;y:c;yo:30px;\"\n\t\t\t\t\t\t\t\tdata-text=\"w:normal;s:25;\"\n\t\t\t\t\t\t\t\tdata-frame_999=\"o:0;st:w;\"\n\t\t\t\t\t\t\t\tstyle=\"z-index:5;font-family:Roboto;\"\n\t\t\t\t\t\t\t><h2 class=\"nk-title-back text-center op-7\" style=\"padding-bottom: 0px; text-align: center;\"><span style=\"color: #ffffff;\">\u00bfC\u00f3mo apuntarse al Coro Meridianos?<\/span><\/h2> \n\t\t\t\t\t\t\t<\/rs-layer><!--\n-->\t\t\t\t\t\t<\/rs-slide>\n\t\t\t\t\t<\/rs-slides>\n\t\t\t\t\t<rs-progress class=\"rs-bottom\" style=\"visibility: hidden !important;\"><\/rs-progress>\n\t\t\t\t<\/rs-module>\n\t\t\t\t<script type=\"text\/javascript\">\n\t\t\t\t\tsetREVStartSize({c: 'rev_slider_6_1',rl:[1240,1024,778,480],el:[350],gw:[1240],gh:[350],layout:'fullwidth',mh:\"0\"});\n\t\t\t\t\tvar\trevapi6,\n\t\t\t\t\t\ttpj;\n\t\t\t\t\tjQuery(function() {\n\t\t\t\t\t\ttpj = jQuery;\n\t\t\t\t\t\tif(tpj(\"#rev_slider_6_1\").revolution == undefined){\n\t\t\t\t\t\t\trevslider_showDoubleJqueryError(\"#rev_slider_6_1\");\n\t\t\t\t\t\t}else{\n\t\t\t\t\t\t\trevapi6 = tpj(\"#rev_slider_6_1\").show().revolution({\n\t\t\t\t\t\t\t\tjsFileLocation:\"\/\/coro.meridianos.org\/wp-content\/plugins\/revslider\/public\/assets\/js\/\",\n\t\t\t\t\t\t\t\tsliderLayout:\"fullwidth\",\n\t\t\t\t\t\t\t\tdottedOverlay:\"twoxtwo\",\n\t\t\t\t\t\t\t\tvisibilityLevels:\"1240,1024,778,480\",\n\t\t\t\t\t\t\t\tgridwidth:1240,\n\t\t\t\t\t\t\t\tgridheight:350,\n\t\t\t\t\t\t\t\tminHeight:\"\",\n\t\t\t\t\t\t\t\tspinner:\"spinner2\",\n\t\t\t\t\t\t\t\teditorheight:\"350,768,960,720\",\n\t\t\t\t\t\t\t\tresponsiveLevels:\"1240,1024,778,480\",\n\t\t\t\t\t\t\t\tdisableProgressBar:\"on\",\n\t\t\t\t\t\t\t\tnavigation: {\n\t\t\t\t\t\t\t\t\tonHoverStop:false\n\t\t\t\t\t\t\t\t},\n\t\t\t\t\t\t\t\tfallbacks: {\n\t\t\t\t\t\t\t\t\tallowHTML5AutoPlayOnAndroid:true\n\t\t\t\t\t\t\t\t},\n\t\t\t\t\t\t\t});\n\t\t\t\t\t\t}\n\t\t\t\t\t\t\n\t\t\t\t\t});\n\t\t\t\t<\/script>\n\t\t\t\t<script>\n\t\t\t\t\tvar htmlDivCss = ' #rev_slider_6_1_wrapper rs-loader.spinner2{ background-color: #ffffff !important; } '\n\t\t\t\t\tvar htmlDiv = document.getElementById('rs-plugin-settings-inline-css');\n\t\t\t\t\tif(htmlDiv) {\n\t\t\t\t\t\thtmlDiv.innerHTML = htmlDiv.innerHTML + htmlDivCss;\n\t\t\t\t\t}else{\n\t\t\t\t\t\tvar htmlDiv = document.createElement('div');\n\t\t\t\t\t\thtmlDiv.innerHTML = '<style>' + htmlDivCss + '<\/style>';\n\t\t\t\t\t\tdocument.getElementsByTagName('head')[0].appendChild(htmlDiv.childNodes[0]);\n\t\t\t\t\t}\n\t\t\t\t<\/script>\n\t\t\t<\/rs-module-wrap>\n\t\t\t<!-- END REVOLUTION SLIDER -->\n<\/div><\/div><\/div><\/div><div class=\"vc_row wpb_row vc_row-fluid\"><div class=\"wpb_column vc_column_container vc_col-sm-12\"><div class=\"vc_column-inner\"><div class=\"wpb_wrapper\"><div class=\"vc_empty_space\"   style=\"height: 30px\"><span class=\"vc_empty_space_inner\"><\/span><\/div><\/div><\/div><\/div><\/div><div class=\"vc_row wpb_row vc_row-fluid vc_column-gap-25\"><div class=\"wpb_column vc_column_container vc_col-sm-6\"><div class=\"vc_column-inner\"><div class=\"wpb_wrapper\"><h1 class=' nk-title text-left '><\/p>\n<h3 class=\"column-service-title\">\u00a1AP\u00daNTATE!<\/h3>\n<p><\/h1><div class=\" \"><p>Si quieres formar parte del Coro Meridianos, s\u00f3lo tienes que tener m\u00e1s de ocho a\u00f1os y comunic\u00e1rselo al<strong>\u00a0profesor de m\u00fasica<\/strong> de tu colegio o acudir en los horarios de ensayo (lunes y mi\u00e9rcoles de 16.45 a 18.00) a la <strong>sede del coro<\/strong>, en el Colegio Fray Bartolom\u00e9 de las Casas (Ronda de Nuestra Se\u00f1ora de la Oliva s\/n, SEVILLA).\u00a0En nuestra sede te tomaremos los datos y realizar\u00e1s una <strong>prueba de acceso<\/strong>. Una vez superada, <strong>entrar\u00e1s a formar parte del Coro Meridianos<\/strong>.<\/p>\n<\/div><div class=\"vc_empty_space\"   style=\"height: 30px\"><span class=\"vc_empty_space_inner\"><\/span><\/div><div class=\"vc_separator wpb_content_element vc_separator_align_center vc_sep_width_100 vc_sep_pos_align_center vc_separator_no_text vc_sep_color_grey\" ><span class=\"vc_sep_holder vc_sep_holder_l\"><span  class=\"vc_sep_line\"><\/span><\/span><span class=\"vc_sep_holder vc_sep_holder_r\"><span  class=\"vc_sep_line\"><\/span><\/span>\n<\/div><blockquote class=\"nk-testimonial-2 vc_custom_1590588283207\"><div class=\"nk-testimonial-body\"><h4><em>Los ensayos son los lunes y mi\u00e9rcoles de 4:45 a 6:00 de la tarde en nuestra sede, en el colegio Fray Bartolom\u00e9 de las Casas (Sevilla).<\/em><\/h4>\n<h4><em>Los mi\u00e9rcoles de 6:00 a 7:00 se imparte un programa de apoyo educativo en asignaturas troncales.<\/em><\/h4>\n<\/div><\/blockquote><div class=\"vc_empty_space\"   style=\"height: 5px\"><span class=\"vc_empty_space_inner\"><\/span><\/div><div class=\"vc_separator wpb_content_element vc_separator_align_center vc_sep_width_100 vc_sep_pos_align_center vc_separator_no_text vc_sep_color_grey\" ><span class=\"vc_sep_holder vc_sep_holder_l\"><span  class=\"vc_sep_line\"><\/span><\/span><span class=\"vc_sep_holder vc_sep_holder_r\"><span  class=\"vc_sep_line\"><\/span><\/span>\n<\/div><\/div><\/div><\/div><div class=\"wpb_column vc_column_container vc_col-sm-6 vc_col-has-fill\"><div class=\"vc_column-inner vc_custom_1587053519271\"><div class=\"wpb_wrapper\"><h2 class=' text-left '><\/p>\n<h5>Adem\u00e1s puedes solicitar tu inscripci\u00f3n rellenando el siguiente formulario.<\/h5>\n<p><\/h2><div class=\" \"><p><span style=\"color: #198388;\">D\u00e9janos tus datos y nos pondremos en contacto contigo <strong>v\u00eda telef\u00f3nica<\/strong> para concertar una cita y formalizar la inscripci\u00f3n.<\/span><\/p>\n<\/div><div class=\"vc_empty_space\"   style=\"height: 10px\"><span class=\"vc_empty_space_inner\"><\/span><\/div><div role=\"form\" class=\"wpcf7\" id=\"wpcf7-f5329-o1\" lang=\"es-ES\" dir=\"ltr\">\n<div class=\"screen-reader-response\"><p role=\"status\" aria-live=\"polite\" aria-atomic=\"true\"><\/p> <ul><\/ul><\/div>\n<form action=\"\/index.php\/wp-json\/wp\/v2\/pages\/2608#wpcf7-f5329-o1\" method=\"post\" class=\"wpcf7-form init\" novalidate=\"novalidate\" data-status=\"init\">\n<div style=\"display: none;\">\n<input type=\"hidden\" name=\"_wpcf7\" value=\"5329\" \/>\n<input type=\"hidden\" name=\"_wpcf7_version\" value=\"5.4\" \/>\n<input type=\"hidden\" name=\"_wpcf7_locale\" value=\"es_ES\" \/>\n<input type=\"hidden\" name=\"_wpcf7_unit_tag\" value=\"wpcf7-f5329-o1\" \/>\n<input type=\"hidden\" name=\"_wpcf7_container_post\" value=\"0\" \/>\n<input type=\"hidden\" name=\"_wpcf7_posted_data_hash\" value=\"\" \/>\n<\/div>\n<p><label style=\"font-size: 15px;\"> Nombre (*)<br \/>\n    <span class=\"wpcf7-form-control-wrap nombre\"><input type=\"text\" name=\"nombre\" value=\"\" size=\"40\" class=\"wpcf7-form-control wpcf7-text wpcf7-validates-as-required\" aria-required=\"true\" aria-invalid=\"false\" \/><\/span> <\/label><\/p>\n<p><label style=\"font-size: 15px;\"> Apellidos (*)<br \/>\n    <span class=\"wpcf7-form-control-wrap apellidos\"><input type=\"text\" name=\"apellidos\" value=\"\" size=\"40\" class=\"wpcf7-form-control wpcf7-text wpcf7-validates-as-required\" aria-required=\"true\" aria-invalid=\"false\" \/><\/span> <\/label><\/p>\n<p><label style=\"font-size: 15px;\"> Centro escolar<br \/>\n    <span class=\"wpcf7-form-control-wrap centro\"><input type=\"text\" name=\"centro\" value=\"\" size=\"40\" class=\"wpcf7-form-control wpcf7-text\" aria-invalid=\"false\" \/><\/span> <\/label><\/p>\n<p><label style=\"font-size: 15px;\"> Edad<br \/>\n    <span class=\"wpcf7-form-control-wrap edad\"><input type=\"text\" name=\"edad\" value=\"\" size=\"40\" class=\"wpcf7-form-control wpcf7-text\" aria-invalid=\"false\" \/><\/span> <\/label><\/p>\n<p><label style=\"font-size: 15px;\"> Tel\u00e9fono<br \/>\n    <span class=\"wpcf7-form-control-wrap telefono\"><input type=\"text\" name=\"telefono\" value=\"\" size=\"40\" class=\"wpcf7-form-control wpcf7-text\" aria-invalid=\"false\" \/><\/span> <\/label><\/p>\n<p><label style=\"font-size: 15px;\"> Email (*)<br \/>\n    <span class=\"wpcf7-form-control-wrap your-email\"><input type=\"email\" name=\"your-email\" value=\"\" size=\"40\" class=\"wpcf7-form-control wpcf7-text wpcf7-email wpcf7-validates-as-required wpcf7-validates-as-email\" aria-required=\"true\" aria-invalid=\"false\" \/><\/span> <\/label><\/p>\n<p><span class=\"wpcf7-form-control-wrap checkboxal\"><span class=\"wpcf7-form-control wpcf7-checkbox wpcf7-validates-as-required\"><span class=\"wpcf7-list-item first last\"><input type=\"checkbox\" name=\"checkboxal[]\" value=\"\" \/><span class=\"wpcf7-list-item-label\"><\/span><\/span><\/span><\/span> Acepto la <a href=\"https:\/\/www.meridianos.org\/politica-de-privacidad-y-aviso-legal\/\">Pol\u00edtica de Privacidad<\/a><\/p>\n<p><input type=\"submit\" value=\"SOLICITAR INSCRIPCION\" class=\"wpcf7-form-control wpcf7-submit\" \/><\/p>\n<div class=\"wpcf7-response-output\" aria-hidden=\"true\"><\/div><\/form><\/div><\/div><\/div><\/div><\/div><div class=\"vc_row wpb_row vc_row-fluid\"><div class=\"wpb_column vc_column_container vc_col-sm-12\"><div class=\"vc_column-inner\"><div class=\"wpb_wrapper\">\n\t<div  class=\"wpb_single_image wpb_content_element vc_align_center  vc_custom_1587052122559\">\n\t\t\n\t\t<figure class=\"wpb_wrapper vc_figure\">\n\t\t\t<div class=\"vc_single_image-wrapper   vc_box_border_grey\"><img width=\"1400\" height=\"530\" src=\"https:\/\/coro.meridianos.org\/wp-content\/uploads\/2020\/04\/auriculares2.jpg\" class=\"vc_single_image-img attachment-full\" alt=\"\" loading=\"lazy\" srcset=\"https:\/\/coro.meridianos.org\/wp-content\/uploads\/2020\/04\/auriculares2.jpg 1400w, https:\/\/coro.meridianos.org\/wp-content\/uploads\/2020\/04\/auriculares2-300x114.jpg 300w, https:\/\/coro.meridianos.org\/wp-content\/uploads\/2020\/04\/auriculares2-1024x388.jpg 1024w, https:\/\/coro.meridianos.org\/wp-content\/uploads\/2020\/04\/auriculares2-768x291.jpg 768w, https:\/\/coro.meridianos.org\/wp-content\/uploads\/2020\/04\/auriculares2-500x189.jpg 500w, https:\/\/coro.meridianos.org\/wp-content\/uploads\/2020\/04\/auriculares2-800x303.jpg 800w, https:\/\/coro.meridianos.org\/wp-content\/uploads\/2020\/04\/auriculares2-1280x485.jpg 1280w, https:\/\/coro.meridianos.org\/wp-content\/uploads\/2020\/04\/auriculares2-48x18.jpg 48w, https:\/\/coro.meridianos.org\/wp-content\/uploads\/2020\/04\/auriculares2-90x34.jpg 90w, https:\/\/coro.meridianos.org\/wp-content\/uploads\/2020\/04\/auriculares2-150x57.jpg 150w, https:\/\/coro.meridianos.org\/wp-content\/uploads\/2020\/04\/auriculares2-200x76.jpg 200w, https:\/\/coro.meridianos.org\/wp-content\/uploads\/2020\/04\/auriculares2-400x151.jpg 400w, https:\/\/coro.meridianos.org\/wp-content\/uploads\/2020\/04\/auriculares2-600x227.jpg 600w\" sizes=\"(max-width: 1400px) 100vw, 1400px\" \/><\/div>\n\t\t<\/figure>\n\t<\/div>\n<\/div><\/div><\/div><\/div>\n","protected":false},"excerpt":{"rendered":"\u00bfC\u00f3mo apuntarse al Coro Meridianos? \u00a1AP\u00daNTATE! Si quieres formar parte del Coro Meridianos, s\u00f3lo tienes que tener m\u00e1s de ocho a\u00f1os y comunic\u00e1rselo al\u00a0profesor de m\u00fasica de tu colegio o acudir en los horarios de ensayo (lunes y mi\u00e9rcoles de 16.45 a 18.00) a la sede del coro, en el Colegio Fray Bartolom\u00e9 de las [...]","protected":false},"author":5,"featured_media":0,"parent":0,"menu_order":0,"comment_status":"closed","ping_status":"closed","template":"","meta":[],"_links":{"self":[{"href":"https:\/\/coro.meridianos.org\/index.php\/wp-json\/wp\/v2\/pages\/2608"}],"collection":[{"href":"https:\/\/coro.meridianos.org\/index.php\/wp-json\/wp\/v2\/pages"}],"about":[{"href":"https:\/\/coro.meridianos.org\/index.php\/wp-json\/wp\/v2\/types\/page"}],"author":[{"embeddable":true,"href":"https:\/\/coro.meridianos.org\/index.php\/wp-json\/wp\/v2\/users\/5"}],"replies":[{"embeddable":true,"href":"https:\/\/coro.meridianos.org\/index.php\/wp-json\/wp\/v2\/comments?post=2608"}],"version-history":[{"count":36,"href":"https:\/\/coro.meridianos.org\/index.php\/wp-json\/wp\/v2\/pages\/2608\/revisions"}],"predecessor-version":[{"id":6383,"href":"https:\/\/coro.meridianos.org\/index.php\/wp-json\/wp\/v2\/pages\/2608\/revisions\/6383"}],"wp:attachment":[{"href":"https:\/\/coro.meridianos.org\/index.php\/wp-json\/wp\/v2\/media?parent=2608"}],"curies":[{"name":"wp","href":"https:\/\/api.w.org\/{rel}","templated":true}]}}